[INFO] cloning repository https://github.com/mkaput/kernel
[INFO] running `Command { std: "git" "-c" "credential.helper=" "-c" "credential.helper=/workspace/cargo-home/bin/git-credential-null" "clone" "--bare" "https://github.com/mkaput/kernel" "/workspace/cache/git-repos/https%3A%2F%2Fgithub.com%2Fmkaput%2Fkernel", kill_on_drop: false }`
[INFO] [stderr] Cloning into bare repository '/workspace/cache/git-repos/https%3A%2F%2Fgithub.com%2Fmkaput%2Fkernel'...
[INFO] running `Command { std: "git" "rev-parse" "HEAD", kill_on_drop: false }`
[INFO] [stdout] 523f48fb81d117eb09dcd9e506ab1fbaf0c39686
[INFO] checking mkaput/kernel against try#72f88fc4e9458f89516a0b8b0868f3718aec5b47 for pr-74989
[INFO] running `Command { std: "git" "clone" "/workspace/cache/git-repos/https%3A%2F%2Fgithub.com%2Fmkaput%2Fkernel" "/workspace/builds/worker-9/source", kill_on_drop: false }`
[INFO] [stderr] Cloning into '/workspace/builds/worker-9/source'...
[INFO] [stderr] done.
[INFO] validating manifest of git repo https://github.com/mkaput/kernel on toolchain 72f88fc4e9458f89516a0b8b0868f3718aec5b47
[INFO] running `Command { std: "/workspace/cargo-home/bin/cargo" "+72f88fc4e9458f89516a0b8b0868f3718aec5b47" "read-manifest" "--manifest-path" "Cargo.toml", kill_on_drop: false }`
[INFO] removed /workspace/builds/worker-9/source/.cargo/config
[INFO] started tweaking git repo https://github.com/mkaput/kernel
[INFO] finished tweaking git repo https://github.com/mkaput/kernel
[INFO] tweaked toml for git repo https://github.com/mkaput/kernel written to /workspace/builds/worker-9/source/Cargo.toml
[INFO] crate git repo https://github.com/mkaput/kernel already has a lockfile, it will not be regenerated
[INFO] running `Command { std: "/workspace/cargo-home/bin/cargo" "+72f88fc4e9458f89516a0b8b0868f3718aec5b47" "fetch" "--locked" "--manifest-path" "Cargo.toml", kill_on_drop: false }`
[INFO] [stderr]  Downloading crates ...
[INFO] [stderr]   Downloaded multiboot2 v0.3.2
[INFO] [stderr]   Downloaded volatile v0.2.3
[INFO] [stderr]   Downloaded hashmap_core v0.1.1
[INFO] running `Command { std: "docker" "create" "-v" "/var/lib/crater-agent-workspace/builds/worker-9/target:/opt/rustwide/target:rw,Z" "-v" "/var/lib/crater-agent-workspace/builds/worker-9/source:/opt/rustwide/workdir:ro,Z" "-v" "/var/lib/crater-agent-workspace/cargo-home:/opt/rustwide/cargo-home:ro,Z" "-v" "/var/lib/crater-agent-workspace/rustup-home:/opt/rustwide/rustup-home:ro,Z" "-e" "SOURCE_DIR=/opt/rustwide/workdir" "-e" "CARGO_TARGET_DIR=/opt/rustwide/target" "-e" "CARGO_HOME=/opt/rustwide/cargo-home" "-e" "RUSTUP_HOME=/opt/rustwide/rustup-home" "-w" "/opt/rustwide/workdir" "-m" "1610612736" "--user" "0:0" "--network" "none" "rustops/crates-build-env@sha256:d92eaeed33fa75130ca1ee6c8a01d1ffb62bac859dfdfb3450e3e5d1c0146529" "/opt/rustwide/cargo-home/bin/cargo" "+72f88fc4e9458f89516a0b8b0868f3718aec5b47" "metadata" "--no-deps" "--format-version=1", kill_on_drop: false }`
[INFO] [stdout] 2ee8d0d9bd3d7eb1fd636201c48549a5b88ba0d47dffc0fc4af02cf7a1dbd1e9
[INFO] [stderr] WARNING: Your kernel does not support swap limit capabilities or the cgroup is not mounted. Memory limited without swap.
[INFO] running `Command { std: "docker" "start" "-a" "2ee8d0d9bd3d7eb1fd636201c48549a5b88ba0d47dffc0fc4af02cf7a1dbd1e9", kill_on_drop: false }`
[INFO] running `Command { std: "docker" "inspect" "2ee8d0d9bd3d7eb1fd636201c48549a5b88ba0d47dffc0fc4af02cf7a1dbd1e9", kill_on_drop: false }`
[INFO] running `Command { std: "docker" "rm" "-f" "2ee8d0d9bd3d7eb1fd636201c48549a5b88ba0d47dffc0fc4af02cf7a1dbd1e9", kill_on_drop: false }`
[INFO] [stdout] 2ee8d0d9bd3d7eb1fd636201c48549a5b88ba0d47dffc0fc4af02cf7a1dbd1e9
[INFO] running `Command { std: "docker" "create" "-v" "/var/lib/crater-agent-workspace/builds/worker-9/target:/opt/rustwide/target:rw,Z" "-v" "/var/lib/crater-agent-workspace/builds/worker-9/source:/opt/rustwide/workdir:ro,Z" "-v" "/var/lib/crater-agent-workspace/cargo-home:/opt/rustwide/cargo-home:ro,Z" "-v" "/var/lib/crater-agent-workspace/rustup-home:/opt/rustwide/rustup-home:ro,Z" "-e" "SOURCE_DIR=/opt/rustwide/workdir" "-e" "CARGO_TARGET_DIR=/opt/rustwide/target" "-e" "CARGO_INCREMENTAL=0" "-e" "RUST_BACKTRACE=full" "-e" "RUSTFLAGS=--cap-lints=forbid" "-e" "CARGO_HOME=/opt/rustwide/cargo-home" "-e" "RUSTUP_HOME=/opt/rustwide/rustup-home" "-w" "/opt/rustwide/workdir" "-m" "1610612736" "--user" "0:0" "--network" "none" "rustops/crates-build-env@sha256:d92eaeed33fa75130ca1ee6c8a01d1ffb62bac859dfdfb3450e3e5d1c0146529" "/opt/rustwide/cargo-home/bin/cargo" "+72f88fc4e9458f89516a0b8b0868f3718aec5b47" "check" "--frozen" "--all" "--all-targets" "--message-format=json", kill_on_drop: false }`
[INFO] [stdout] 26cd878d0600e3cb28444bc3798deee3523bc6a56c2f173e7332d43b112774b0
[INFO] [stderr] WARNING: Your kernel does not support swap limit capabilities or the cgroup is not mounted. Memory limited without swap.
[INFO] running `Command { std: "docker" "start" "-a" "26cd878d0600e3cb28444bc3798deee3523bc6a56c2f173e7332d43b112774b0", kill_on_drop: false }`
[INFO] [stderr]     Checking spin v0.4.6
[INFO] [stderr]     Checking bit_field v0.7.0
[INFO] [stderr]     Checking bitflags v0.4.0
[INFO] [stderr]     Checking bitflags v1.0.1
[INFO] [stderr]     Checking volatile v0.2.3
[INFO] [stderr]     Checking hashmap_core v0.1.1
[INFO] [stdout] error: the legacy LLVM-style asm! syntax is no longer supported
[INFO] [stdout]  --> /opt/rustwide/cargo-home/registry/src/github.com-1ecc6299db9ec823/spin-0.4.6/src/util.rs:8:14
[INFO] [stdout]   |
[INFO] [stdout] 8 |     unsafe { asm!("pause" :::: "volatile"); }
[INFO] [stdout]   |              ----^^^^^^^^^^^^^^^^^^^^^^^^^^
[INFO] [stdout]   |              |
[INFO] [stdout]   |              help: replace with: `llvm_asm!`
[INFO] [stdout]   |
[INFO] [stdout]   = note: consider migrating to the new asm! syntax specified in RFC 2873
[INFO] [stdout]   = note: alternatively, switch to llvm_asm! to keep your code working as it is
[INFO] [stdout] 
[INFO] [stdout] 
[INFO] [stdout] error[E0432]: unresolved import `alloc::heap`
[INFO] [stdout]   --> /opt/rustwide/cargo-home/registry/src/github.com-1ecc6299db9ec823/hashmap_core-0.1.1/src/table.rs:11:12
[INFO] [stdout]    |
[INFO] [stdout] 11 | use alloc::heap::{Alloc, Heap, Layout};
[INFO] [stdout]    |            ^^^^ could not find `heap` in `alloc`
[INFO] [stdout] 
[INFO] [stdout] 
[INFO] [stdout] error[E0432]: unresolved import `core::ptr::Shared`
[INFO] [stdout]   --> /opt/rustwide/cargo-home/registry/src/github.com-1ecc6299db9ec823/hashmap_core-0.1.1/src/table.rs:19:23
[INFO] [stdout]    |
[INFO] [stdout] 19 | use core::ptr::{self, Shared, Unique};
[INFO] [stdout]    |                       ^^^^^^ no `Shared` in `ptr`
[INFO] [stdout] 
[INFO] [stdout] 
[INFO] [stdout] error[E0432]: unresolved imports `core::ops::InPlace`, `core::ops::Place`, `core::ops::Placer`
[INFO] [stdout]   --> /opt/rustwide/cargo-home/registry/src/github.com-1ecc6299db9ec823/hashmap_core-0.1.1/src/map.rs:20:24
[INFO] [stdout]    |
[INFO] [stdout] 20 | use core::ops::{Deref, InPlace, Index, Place, Placer};
[INFO] [stdout]    |                        ^^^^^^^         ^^^^^  ^^^^^^ no `Placer` in `ops`
[INFO] [stdout]    |                        |               |
[INFO] [stdout]    |                        |               no `Place` in `ops`
[INFO] [stdout]    |                        no `InPlace` in `ops`
[INFO] [stdout] 
[INFO] [stdout] 
[INFO] [stderr]     Checking multiboot2 v0.3.2
[INFO] [stdout] error[E0658]: use of unstable library feature 'ptr_internals': use `NonNull` instead and consider `PhantomData<T>` (if you also use `#[may_dangle]`), `Send`, and/or `Sync`
[INFO] [stdout]   --> /opt/rustwide/cargo-home/registry/src/github.com-1ecc6299db9ec823/hashmap_core-0.1.1/src/table.rs:19:31
[INFO] [stdout]    |
[INFO] [stdout] 19 | use core::ptr::{self, Shared, Unique};
[INFO] [stdout]    |                               ^^^^^^
[INFO] [stdout]    |
[INFO] [stdout]    = help: add `#![feature(ptr_internals)]` to the crate attributes to enable
[INFO] [stdout] 
[INFO] [stdout] 
[INFO] [stdout] error[E0658]: use of unstable library feature 'ptr_internals': use `NonNull` instead and consider `PhantomData<T>` (if you also use `#[may_dangle]`), `Send`, and/or `Sync`
[INFO] [stdout]   --> /opt/rustwide/cargo-home/registry/src/github.com-1ecc6299db9ec823/hashmap_core-0.1.1/src/table.rs:41:26
[INFO] [stdout]    |
[INFO] [stdout] 41 | struct TaggedHashUintPtr(Unique<HashUint>);
[INFO] [stdout]    |                          ^^^^^^^^^^^^^^^^
[INFO] [stdout]    |
[INFO] [stdout]    = help: add `#![feature(ptr_internals)]` to the crate attributes to enable
[INFO] [stdout] 
[INFO] [stdout] 
[INFO] [stdout] error[E0658]: use of unstable library feature 'ptr_internals': use `NonNull` instead and consider `PhantomData<T>` (if you also use `#[may_dangle]`), `Send`, and/or `Sync`
[INFO] [stdout]   --> /opt/rustwide/cargo-home/registry/src/github.com-1ecc6299db9ec823/hashmap_core-0.1.1/src/table.rs:47:27
[INFO] [stdout]    |
[INFO] [stdout] 47 |         TaggedHashUintPtr(Unique::new_unchecked(ptr))
[INFO] [stdout]    |                           ^^^^^^^^^^^^^^^^^^^^^
[INFO] [stdout]    |
[INFO] [stdout]    = help: add `#![feature(ptr_internals)]` to the crate attributes to enable
[INFO] [stdout] 
[INFO] [stdout] 
[INFO] [stdout] error[E0658]: use of unstable library feature 'ptr_internals': use `NonNull` instead and consider `PhantomData<T>` (if you also use `#[may_dangle]`), `Send`, and/or `Sync`
[INFO] [stdout]   --> /opt/rustwide/cargo-home/registry/src/github.com-1ecc6299db9ec823/hashmap_core-0.1.1/src/table.rs:59:22
[INFO] [stdout]    |
[INFO] [stdout] 59 |             self.0 = Unique::new_unchecked(usize_ptr as *mut HashUint)
[INFO] [stdout]    |                      ^^^^^^^^^^^^^^^^^^^^^
[INFO] [stdout]    |
[INFO] [stdout]    = help: add `#![feature(ptr_internals)]` to the crate attributes to enable
[INFO] [stdout] 
[INFO] [stdout] 
[INFO] [stdout] error: aborting due to 7 previous errors
[INFO] [stdout] 
[INFO] [stdout] 
[INFO] [stdout] Some errors have detailed explanations: E0432, E0658.
[INFO] [stdout] 
[INFO] [stdout] For more information about an error, try `rustc --explain E0432`.
[INFO] [stdout] 
[INFO] [stderr] error: could not compile `hashmap_core`.
[INFO] [stderr] 
[INFO] [stderr] To learn more, run the command again with --verbose.
[INFO] [stderr] warning: build failed, waiting for other jobs to finish...
[INFO] [stdout] error: aborting due to previous error
[INFO] [stdout] 
[INFO] [stdout] 
[INFO] [stderr] error: build failed
[INFO] running `Command { std: "docker" "inspect" "26cd878d0600e3cb28444bc3798deee3523bc6a56c2f173e7332d43b112774b0", kill_on_drop: false }`
[INFO] running `Command { std: "docker" "rm" "-f" "26cd878d0600e3cb28444bc3798deee3523bc6a56c2f173e7332d43b112774b0", kill_on_drop: false }`
[INFO] [stdout] 26cd878d0600e3cb28444bc3798deee3523bc6a56c2f173e7332d43b112774b0
